f r?
7
What is the tens digit of (16/18)/((-10)/15)*-48?
6
Let g(o) = -o**2 + 35*o - 12. What is the units digit of g(17)?
4
Let d(y) = -y**3 - 7*y**2 - 9*y - 2. Let k(c) = -2*c + 6. Let m be 5 - -2*3/6. Let x be k(m). What is the units digit of d(x)?
6
Let l = 454 + -320. What is the hundreds digit of l?
1
What is the tens digit of (3 - 124/20)*(-86 - -1)?
7
Suppose -22 = -w - w. Let l(h) = 9*h**2 - w*h - 2 + h**3 - 6 + 1. What is the units digit of l(-10)?
3
Let q(a) = 12 + 3 + 11 - a - 3. What is the tens digit of q(11)?
1
Let g(m) = -10*m. What is the tens digit of g(-8)?
8
Suppose 0 = j + j - 4. Let y = 3 + j. What is the units digit of y?
5
Let x be 3*(1 + 4/(-3)). What is the units digit of (1/(2/(-14)))/x?
7
Suppose 1 = 4*k - 163. What is the units digit of k?
1
Let j(c) = c**3 - c**2. Let i be j(3). Let q = i - -3. Suppose n + 8 = q. What is the tens digit of n?
1
Let w = 1 + -4. Suppose -3*l = -4*v - 72, -2*l - 2*l - v + 115 = 0. What is the units digit of 2/(-6) - l/w?
9
Let o be (6/(-5))/(1/(-5)). What is the tens digit of (-2 - -4)*63/o?
2
Suppose -7*c + 362 = -5*c. Suppose 5*x + 3*y + 33 = c, 2*y = -4*x + 120. What is the units digit of x?
2
Let s(c) = -c**2 + 7*c + 2. Let h be s(7). Let w be -2 + h + 2 - 0. What is the units digit of (-1 - (-2 - w))*2?
6
Suppose 5*a - 2 - 8 = 0. Suppose 4*r + 3 = -t, 2*r + 3*r = -2*t + 6. What is the units digit of (-3)/(-6) + t/a?
7
Suppose -2*x + 6 = -0*x. Suppose -16 = -x*s + 8. What is the units digit of s?
8
Let q be (-2)/(-3) - (-3)/9. Let v be -2*(-1 - q)/4. Suppose -3*t = -4*c - 25, v + 30 = 4*t - 3*c. What is the units digit of t?
7
Let o = 7 - 3. Let i be 0 + 4/(-2) + o. Let k(m) = 2*m**2 - 3*m + 3. What is the units digit of k(i)?
5
Suppose 0 = -u + 4*u. Let v(q) = 1 + q - 2*q - q - q**2 + u. What is the units digit of v(-2)?
1
Let n = -39 + 59. Suppose 3*h - 26 = -2*c, -3*h - 3*c + 10 = -n. What is the units digit of -1 + 3/6*h?
2
Let q(k) = -16*k + 4. Let w be q(-5). Suppose w = 3*b + b. What is the tens digit of b?
2
Suppose -100 = -7*q + 2*q. Let r = q + -9. What is the units digit of r?
1
Let y = -16 - -13. Let a = 25 + y. What is the tens digit of a?
2
Suppose -5*a = 90 + 115. Let z = a - -64. What is the units digit of z?
3
Suppose -5*f + 4*p + 9 = 0, f + 4*p - 31 = -2*f. Suppose i - 4 = -c + 9, -43 = -4*i + f*c. What is the units digit of i?
2
Let b be ((-1)/(-3))/(2/(-18)). What is the units digit of 7 - (2 - 3)*b?
4
Suppose -x - 2*o = -1 + 3, 4*x + 2*o + 2 = 0. Suppose -b + x*b - 65 = -5*c, -c + 5*b + 13 = 0. What is the units digit of c?
3
Let s(n) = -24*n**3 + 2*n + 1. Let i(q) = -q**2 - 8*q - 8. Let d be i(-7). What is the units digit of s(d)?
3
Let r(q) = q**3 - 4*q**2 + 2*q + 4. Let j(l) = -l**3 + l**2. Let n(o) = 2*j(o) + r(o). Suppose 1 = 2*g + 7. What is the units digit of n(g)?
7
Suppose 0 = 3*l - 284 - 46. What is the hundreds digit of l?
1
Let t = 4 - -31. What is the units digit of t?
5
Let x(w) = w**3 + 3*w**2 - 5*w - 2. Let y be x(-4). What is the units digit of (y + 0)/((-4)/(-6))?
3
Let w(m) = m**2 - 6*m + 3. Let p be w(5). Let t(i) = -5*i + 2. Let r be t(p). Let v = r + -2. What is the units digit of v?
0
Suppose -x - 3*j = x - 41, 0 = -x + 3*j + 25. What is the units digit of x?
2
Let o = -1 - -7. Let c = 14 + -11. Suppose -o = -c*s + 6. What is the units digit of s?
4
Let q(h) = 2*h**3 - h**2 + 3*h - 3. Let a be q(2). Let x be ((-10)/a)/(1/3). What is the units digit of 1/((-9)/(-3) + x)?
1
What is the units digit of (408/28)/((-4)/(-28)) - 2?
0
Let q(v) be the first derivative of 9*v + 1 - 1/2*v**2. What is the units digit of q(0)?
9
Let c be ((-190)/(-4))/5*2. Suppose -c + 3 = -2*q. What is the units digit of q?
8
Suppose 0*s + 4*f + 596 = 4*s, -f = 5*s - 751. What is the tens digit of s?
5
Suppose 0*q + 39 = q + 4*u, 0 = -2*q + 2*u + 48. What is the tens digit of q?
2
What is the units digit of ((-6516)/24)/(3/(-4))?
2
Let y be (4 - 1)/(-9 + 8). What is the units digit of (-972)/(-24) - y/(-2)?
9
Let l(f) be the second derivative of 7*f**5/5 - f**4/6 + f**2/2 + 2*f. What is the units digit of l(1)?
7
Let q = 17 + -27. Let y = -7 - q. Suppose b - v = y, -4*b + 13 + 19 = v. What is the units digit of b?
7
Let p(f) = f**2 + 3*f - 21. What is the units digit of p(-11)?
7
Suppose -a - 2*l + 11 = 2, -4*a = -3*l - 3. Let f = 12 + a. What is the units digit of f?
5
Let r(a) = a + 2. Let q be r(-2). Suppose 17 = -q*h + h. What is the units digit of h?
7
Suppose 4*o - 5*a + 11 + 6 = 0, 5*o + 11 = -4*a. Let m = -1 - o. What is the units digit of m?
2
Let i(x) = x**3 - 3*x**2 - x - 12. What is the tens digit of i(6)?
9
Suppose c + 4*c + 3*v = 44, -3*v = 3*c - 24. What is the tens digit of 1 + c + (-2)/2?
1
What is the tens digit of ((-12)/5)/(9/((-1530)/4))?
0
Let s(k) = -k**2 - 5*k - 2. What is the units digit of s(-3)?
4
Let h(z) = 3*z + 45*z**2 - z - z - 2*z. What is the units digit of h(-1)?
6
Suppose -d - 5*q = d - 192, 4*q + 210 = 2*d. What is the tens digit of d?
0
Suppose -171 = -4*q - 5*x, -x - 103 = q - 3*q. What is the tens digit of q?
4
Suppose 0 = -4*l - 0*l + 80. Suppose q = -4*q + l. What is the units digit of q?
4
Let h = 0 + 3. Suppose 3*f + 3 = -5*c, -5 = 4*f + f - h*c. What is the units digit of (-6)/f + 0 + 0?
6
Suppose 9 = 3*j - 4*n, n + 12 = 4*j + 2*n. What is the units digit of j/(4 - 266/68)?
4
Let t(j) = 0*j**2 + j**2 - j**2 + 2 - j**2 - 4*j. Let i be (-2)/6 - (-55)/(-15). What is the units digit of t(i)?
2
Let s be 4/(8/62) + 2. Suppose 2*w + 9 = s. What is the tens digit of w?
1
Let t(n) = 1 + 0*n + 0*n + 2*n + n**2 - 6. What is the units digit of t(-5)?
0
Let d be (18/(-8))/((-6)/16). Let b be (0 - d)/((-10)/15). Let y = 17 - b. What is the units digit of y?
8
Let g be 6/12 - 14/(-4). Suppose 0 = g*o - 104. What is the units digit of o?
6
Let g = 394 - 243. What is the units digit of g?
1
Let t = 2 + 7. Suppose -4*k + t*k = 55. What is the tens digit of k?
1
Let z(y) = y - 5. Let k(l) = 2*l - 10. Let n(a) = -2*k(a) + 5*z(a). What is the units digit of n(10)?
5
Let r = 12 - -11. What is the tens digit of r?
2
Let n be -2 - -6*3/(-6). Let s = n + 5. Suppose -2*q - q + 4*w = -32, -4*w + 16 = s. What is the units digit of q?
6
Suppose 2 = -2*f - 0*f. Suppose -19 = -4*n - 5*z, z = -2*n + 5*n. What is the units digit of f/(n - (-11)/(-10))?
0
Let r be (7 - 1) + 2/1. What is the units digit of (11 - r) + -1*2?
1
Suppose 2*z + 12 = 4*h, -2*z - 5*h = 5 - 20. Let p be (2 - -1) + -2 + z. What is the units digit of (-1 - p) + 2 - -2?
2
Let x(u) = -u**2 + 8*u - 4. Let y be x(7). Suppose -p - 3*p = 8. Let r = y + p. What is the units digit of r?
1
Suppose -4 = 6*o - 5*o. What is the units digit of 162/8 + 1/o?
0
Suppose -3*p = 5*t - 484, -p - 4*p = -t + 108. What is the tens digit of t?
9
Let c(w) = 3*w**3 - 11*w**2 + 14*w + 3. What is the tens digit of c(4)?
7
Let g = 1 + 11. Let j be 4/(-18) - (-43)/(-9). Let v = g + j. What is the units digit of v?
7
Suppose -3*i + 0 + 336 = 0. What is the tens digit of 2/3 + i/12?
1
Let b(t) = -t**3 + 4*t**2 - t. Let y be b(2). Let q = -3 + y. Suppose -5*k = -r - 20, 0 = -q*k - 0*r - r + 4. What is the units digit of k?
3
Suppose 2*m - 4 = m. Let x be 1/m + 23/4. Let j(o) = o - 4. What is the units digit of j(x)?
2
Suppose -5*h = 3*s - 94, 5 = h - 0*h. What is the units digit of s?
3
Let s(n) = -n - 4. Let r be s(-5). Suppose y - 1 = 4*d, -19 = -5*y + 5*d + r. Suppose y + 3 = 4*z. What is the units digit of z?
2
Suppose 2*q = -4*j - 3*q + 23, -2*j + 4*q = 8. Suppose -14 - j = -2*p. What is the units digit of p?
8
Suppose 0 = -t + 6*t + 45. Let d = -7 - t. What is the units digit of d?
2
Suppose -91 - 45 = -4*p. What is the tens digit of p?
3
Suppose 6*b - b - 220 = 0. Let t(g) = -2*g**2 - 49*g + 28. Let j be t(-25). Suppose -j*d - b = -5*d. What is the tens digit of d?
2
Let n = -22 + 14. What is the units digit of 18/3*n/(-3)?
6
Let h = 37 - 2. What is the units digit of h?
5
Suppose 4*g + 15 = -5*b + 45, -2*b = -4*g + 16. Suppose g*r - 3 = 57. What is the units digit of r?
2
Let b = 29 - 10. What is the tens digit of b?
1
Let i be 2/6 + (-26)/6. Let d = i - -6. What is the units digit of d?
2
Suppose -4*h = -0*h. Suppose h*z + z - 24 = 0. Suppose -o + z = o. What is the tens digit of o?
1
Suppose -x - 536 =